 f and 72?
72
Suppose 0 = j + 18 - 27. Let y(c) = 9*c. Let v be y(7). What is the highest common divisor of v and j?
9
Let s(j) = -20*j + 39. Let a be s(-4). Calculate the highest common factor of 14 and a.
7
Let t(u) = u**3 + 4*u**2 + 2*u - 2. Let n be t(-3). Suppose 5*c - 1 = 9. Suppose -c = -8*k + 6. What is the highest common divisor of k and n?
1
Suppose -3*o = -24 + 9, p - 512 = o. Let i(l) = 2*l**2 + 10*l - 1. Let u be i(-8). What is the greatest common divisor of p and u?
47
Suppose -3*k = -4*s - 74, 2*k + k = s + 86. Suppose -3*b + k = -b. Calculate the greatest common factor of b and 3.
3
Let t be 3 - ((-2)/2 - (-6)/3). Let r be (5/10)/(t - 43/22). Calculate the highest common divisor of r and 11.
11
Suppose 72*i = 77*i - 10. Calculate the greatest common divisor of i and 86.
2
Suppose -4*i = -5*i - 5. Let a = i - -8. Suppose -59*o + 984 - 51 = -1014. Calculate the greatest common divisor of a and o.
3
Suppose -t = -2*l + 83, l - 5*t - 66 = -11. Let i = -5 - 0. Let m be (i - -2)/(-3) + 99. What is the highest common factor of l and m?
20
Let y be ((-48)/(-4))/(-4) + 3. Suppose -4*x + 1 + 3 = y. Calculate the greatest common factor of 4 and x.
1
Let g be (-1)/(1 + (-51)/54). Let d be 6/3*1 - g. Suppose 8*r + 26 - 426 = 0. What is the greatest common divisor of r and d?
10
Suppose -3*j - 1293 = 2*c - 4582, 3*c - 4*j = 4959. Calculate the highest common factor of 17 and c.
17
Let r(u) = 3*u + 7. Let j(g) = 3*g + 7. Let b(o) = 4*j(o) - 5*r(o). Let f be b(-5). What is the highest common factor of 64 and f?
8
Let u = 117 - 115. Suppose -4*y + 24 = -2*y + 2*i, -40 = -u*y + 2*i. What is the greatest common divisor of y and 128?
16
Suppose 86*v = 89*v - 30. What is the highest common divisor of v and 420?
10
Suppose -2*u + 11 = 1. Let f = -2 + u. Let w = 936 + -912. What is the highest common factor of w and f?
3
Suppose 0 = 3*u - 241 - 101. What is the greatest common factor of u and 24?
6
Let t(v) = -3*v**3 + 2*v**2 - 3*v + 2. Let c be t(2). Let k = 4 + c. Let o = k - -36. Calculate the highest common factor of o and 30.
10
Let m be (-81)/18*8*-1. Let h be -15*16/m*-3. Calculate the greatest common factor of 8 and h.
4
Let k = 44 + 10. Let l be (k/(-45))/(2/(-100)). Calculate the highest common divisor of l and 24.
12
Let f(v) = -11*v - 1. Let i be f(-5). Suppose 4*z - 48 + 12 = 0. Suppose -2*h + z = 3*g, -4*h + 26 = -0*g - 2*g. What is the greatest common factor of i and h?
6
Let a(g) = -g**3 - 31*g**2 + 32*g + 4. Let u be a(-32). Suppose -4*l + u*b + 808 = 0, -2*b - 3*b - 803 = -4*l. Calculate the highest common factor of 23 and l.
23
Let j = 14 + -1. Suppose -193 = 3*i - j. Let p be (2925/i)/(2/(-8)). What is the highest common factor of 78 and p?
39
Let i = -275 - -443. Calculate the highest common divisor of i and 280.
56
Let i be ((-4)/5)/((-2)/60). Suppose -1920 = -i*y + 20*y. Suppose -5*f + y = -0*f. Calculate the greatest common divisor of f and 12.
12
Let f(y) = -y**2 + 66*y + 38. Let o be f(66). What is the highest common factor of 1957 and o?
19
Let l = -722 + 1067. What is the greatest common factor of l and 46?
23
Suppose 4*y - 5*o = 15, 2*y + 6*o = 2*o + 14. Suppose -4*n + 2*u + 3*u + 20 = 0, 2*n - y*u = 0. What is the greatest common divisor of n and 30?
10
Let v be ((-90)/25 - -4)*100. Calculate the highest common divisor of v and 10.
10
Suppose 0 = 61*k - 20*k - 6068. Calculate the greatest common factor of k and 4.
4
Let f be (20/(-30))/((-6)/99). Calculate the greatest common divisor of 671 and f.
11
Suppose l = m + 3*m + 501, -3*l + 1536 = -m. Calculate the greatest common factor of 19 and l.
19
Let u be (-6)/(-16) + 1359/24. Calculate the highest common factor of u and 57.
57
Suppose 0 = 4*z + k + 5, 0*k = -4*z - 3*k - 15. Let n be (-20)/(-5)*(2 + z - -2). Calculate the highest common factor of n and 40.
8
Let g = -503 + 672. Calculate the highest common divisor of g and 39.
13
Let c = -8 - -9. Suppose -c = 5*w - 26. Suppose 0 = -w*z + 65 + 5. What is the greatest common factor of 21 and z?
7
Suppose 3*b + 2*t - t - 87 = 0, -3*t = -3*b + 75. Calculate the highest common factor of b and 203.
7
Suppose -2*n - 3*n + 80 = 0. Let i(p) = -3*p + 5*p**2 - 9*p + p - 3*p**2. Let d be i(8). Calculate the greatest common divisor of n and d.
8
Suppose -4*j + 3*x = -42, 2*x + 2*x - 32 = -2*j. Suppose -3*f = -j*f + 540. What is the greatest common factor of f and 30?
30
Let r(v) = -v**3 - 7*v**2 - 4*v + 6. Let x be r(-6). Let b(j) = -j**2 + 3*j - 7. Let s be b(x). Let p = -35 - s. What is the greatest common factor of p and 13?
13
Let v be 11 - (-1)/(2 + -1). Let r be (-3)/v - (-102)/(-8). Let c = -3 - r. What is the greatest common divisor of c and 40?
10
Suppose -6*q + 0*q + 6 = 0. Let m be (-70)/(-6) - q/(-3). Calculate the highest common factor of m and 12.
12
Let a = 39 - 37. Let u be ((-20)/(-4 - -1 - -1))/a. What is the greatest common divisor of 5 and u?
5
Suppose 9*b = 10*b + 12*b. Suppose -o + 2*o - 36 = b. What is the highest common divisor of 108 and o?
36
Let w = 298 + 143. What is the greatest common divisor of 9 and w?
9
Let s = -4658 + 4667. Suppose 2*b - 4*b + p = -170, 4*b = 4*p + 348. Let n = b - -16. Calculate the greatest common factor of s and n.
9
Let y(w) = -94*w - 557. Let x be y(-6). Suppose 5*i + 15 = b, 5*b - 33 = i + 138. Calculate the highest common divisor of b and x.
7
Suppose -3963 = -41*b + 1900. Let y = -25 + 38. Calculate the highest common divisor of y and b.
13
Let z be 1/((-12)/9)*8. Let d be 3/9 - 214/z. Suppose 6*j - 7 = -3*y + 2*j, -3*y + 42 = -3*j. Calculate the greatest common factor of y and d.
9
Suppose -2*b = -4*m - b + 252, -4*m + 252 = -2*b. Let k(x) = x**3 + 49*x**2 - 99*x + 237. Let f be k(-51). What is the greatest common factor of m and f?
21
Let t be (-3)/9*-3 - (-118 - -9). What is the highest common factor of t and 88?
22
Suppose -9*q - 84 = -15*q. Suppose 2*d = 4*d - 4. Calculate the highest common divisor of d and q.
2
Let i(b) = b**2 + 3*b - 3. Let c be i(-4). Suppose 23 = -2*w - c. Let f be 4/w - (-122)/6. Calculate the highest common divisor of 10 and f.
10
Let h(w) be the third derivative of -29*w**4/24 - w**3/3 - 26*w**2. Let i be h(-1). Calculate the greatest common factor of 9 and i.
9
Let q(b) be the second derivative of b**3/3 + 3*b**2 + 11*b. Let p be q(-2). What is the greatest common factor of p and 14?
2
Let u(y) = -54*y + 3. Let a be u(-7). Let z be 3/(-18) - a/(-18). Let g = z + -5. Calculate the highest common factor of g and 32.
16
Let c be 5 + (-1 - -4) - 5. Suppose -5*f + 44 = c*n - 54, -2*n = 3*f - 64. Calculate the highest common divisor of n and 13.
13
Let l be 35/7 + (-1)/(1/3). Suppose 0 = 3*g + y - 37 - 25, -g = -l*y - 23. What is the highest common divisor of g and 14?
7
Let p(l) = 35*l**2 + 2*l. Let q be p(1). Let h = q + -33. Calculate the highest common factor of h and 16.
4
Let u be -3*225/10*(-8)/12. Suppose 0*l - l = 0. Let a be 20 + (l/(-3) - 2). What is the highest common divisor of u and a?
9
Let r be (0 - -1)/(2/6). Let f = -768 - -770. Calculate the highest common divisor of f and r.
1
Suppose 2 = -5*f + 1782. Suppose 5*a - f = 9*a. Let o = a - -128. Calculate the greatest common factor of 26 and o.
13
Let q = 33 - 30. Suppose -n - n = -4*w - 48, -q*n = 3*w - 90. What is the greatest common factor of n and 14?
14
Let p(c) = c**3 + 7*c**2 - 3*c - 22. Let w be p(-7). Let n be w - (-53)/2 - (-99)/(-66). What is the greatest common factor of n and 60?
12
Let w = 40 - 37. Suppose 5*c + d = 1001, c - w*d - 82 = 115. Calculate the greatest common divisor of c and 80.
40
Suppose 2*m = 2*r + 8, r = -4*r. Let u(p) = 14. Let t(k) = -k - 1. Let w(v) = -3*t(v) - u(v). Let g be w(m). Calculate the highest common divisor of 10 and g.
1
Let d be ((-7)/245*-21)/((-2)/(-150)). Calculate the highest common divisor of d and 5.
5
Let r(x) = -x**3 + 15*x**2 + 3*x - 33. Let i be r(15). What is the highest common factor of 21 and i?
3
Let u(r) = r**2 - 6*r - 5. Let g = 40 + -43. Let i be u(g). Calculate the highest common divisor of i and 88.
22
Let n be (-7)/35 + 342/10. Suppose 0 = 10*c - 14*c + 60. Suppose -2*t = 3*t + c, 3*t - 263 = -g. What is the greatest common divisor of n and g?
34
Let x = -529 - -860. Let u = -202 + x. Calculate the greatest common 